 what is 16c648 - 5?
16c643
In base 13, what is 13c2 + -210?
11b2
In base 6, what is -52 + -3443?
-3535
In base 4, what is -10 - 21010001?
-21010011
In base 6, what is -151 + 43?
-104
In base 8, what is 2 - -3162272?
3162274
In base 6, what is -420 + 1401?
541
In base 10, what is 7032024 - 0?
7032024
In base 16, what is -bd84 + 1b?
-bd69
In base 7, what is 5 - -313231?
313236
In base 9, what is 74083 + 3?
74086
In base 5, what is -303 + 14344?
14041
In base 13, what is -5 - 5947?
-594c
In base 16, what is -4e5 - -d?
-4d8
In base 16, what is -2 - 7f87?
-7f89
In base 3, what is -21122112222 - 0?
-21122112222
In base 9, what is -4 + 8102?
8087
In base 11, what is a3 - 2410?
-2318
In base 10, what is 751 - -77?
828
In base 5, what is -1 - 30431140?
-30431141
In base 3, what is 101001012 - -11?
101001100
In base 10, what is -724445 + 2?
-724443
In base 16, what is aef5 - 5?
aef0
In base 3, what is -212022 + -121200?
-1110222
In base 6, what is 0 - 515?
-515
In base 8, what is 1363674 + -2?
1363672
In base 8, what is -2303060 + -5?
-2303065
In base 4, what is -20020223 + 10?
-20020213
In base 2, what is -1010111000 - -110000010100?
100101011100
In base 14, what is 12 - -4da?
50c
In base 3, what is -1 + 11202110101?
11202110100
In base 5, what is -132304 + 140?
-132114
In base 9, what is -57718 - -8?
-57710
In base 12, what is a + 54762?
54770
In base 16, what is -6f2a - 67?
-6f91
In base 9, what is 76 - -8041?
8127
In base 4, what is 3220 - -33?
3313
In base 16, what is afd2 - 10?
afc2
In base 2, what is 100000110110001 + -111?
100000110101010
In base 14, what is -9 + -720?
-729
In base 15, what is 5857e0 - 3?
5857dc
In base 4, what is -10131232023 - 3?
-10131232032
In base 5, what is 113 - -12031023?
12031141
In base 8, what is -154333 + 5?
-154326
In base 9, what is -17 - -2337?
2320
In base 7, what is -13 - 136203?
-136216
In base 8, what is -74 - 23027?
-23123
In base 13, what is -11 - cb1?
-cc2
In base 5, what is -233 + 11410?
11122
In base 3, what is -11 - -120110201112?
120110201101
In base 5, what is -3 - 12003104?
-12003112
In base 4, what is 3323310122 - -11?
3323310133
In base 3, what is 11 - 2112100?
-2112012
In base 8, what is 53576 + -5?
53571
In base 9, what is -15 + 4186?
4171
In base 7, what is 24240 + 103?
24343
In base 16, what is -f - 21c80?
-21c8f
In base 10, what is -231194 - -4?
-231190
In base 15, what is 5 - 71e1?
-71db
In base 11, what is 12 + -170?
-159
In base 5, what is -344344120 + -10?
-344344130
In base 13, what is -4 + 121007?
121003
In base 10, what is 24 - 7649?
-7625
In base 11, what is 9 - -1224a?
12258
In base 14, what is 7 - 40219?
-40212
In base 2, what is -1100 + -1011001000101?
-1011001010001
In base 12, what is 2 - b1a2?
-b1a0
In base 14, what is 379 + 1b?
396
In base 3, what is 1020 + 1001202?
1002222
In base 8, what is -143052 - 14?
-143066
In base 11, what is -1a06a + 133?
-19a37
In base 15, what is 26 - -77?
9d
In base 10, what is 59 + 3063?
3122
In base 14, what is -9397 - -1?
-9396
In base 6, what is -12 - 33554?
-34010
In base 3, what is -12202012 + 1222?
-12200020
In base 13, what is 26 - -120?
146
In base 6, what is 23 - -233?
300
In base 12, what is -122452 - 5?
-122457
In base 16, what is -4b8015 - -4?
-4b8011
In base 12, what is -2b159 - -3?
-2b156
In base 12, what is -858 - 48?
-8a4
In base 14, what is 16b + 39dd?
3b6a
In base 4, what is -10 - 100010?
-100020
In base 7, what is 156 + -40304?
-40115
In base 7, what is 116320 + 4?
116324
In base 13, what is 4 + -50b7b?
-50b77
In base 2, what is -111101100001101111 + -10?
-111101100001110001
In base 10, what is -28543 + -2?
-28545
In base 3, what is 11 + 222221220?
222222001
In base 2, what is 1010110001011101110011 - 0?
1010110001011101110011
In base 4, what is -21303223 - 112?
-21310001
In base 5, what is 1 + 132420?
132421
In base 15, what is -1051a + 0?
-1051a
In base 15, what is -33a7 - -a4?
-3303
In base 6, what is -214 + 2303?
2045
In base 16, what is 17c - -72?
1ee
In base 16, what is -2854 + -29?
-287d
In base 12, what is -8447 + 1?
-8446
In base 15, what is 4 - -1cdab?
1cdb0
In base 7, what is -4 - 426002?
-426006
In base 14, what is 13 + -dd50?
-dd3b
In base 15, what is -5955 + c?
-5948
In base 7, what is -424 - 6514?
-10241
In base 8, what is 132116 - -12?
132130
In base 11, what is -2777 - 1?
-2778
In base 11, what is a - 3a7?
-398
In base 9, what is 81748 + 56?
81815
In base 15, what is -7 - -2007?
2000
In base 7, what is 20255 + 50?
20335
In base 14, what is -99d0 + -8?
-99d8
In base 12, what is -27 + -1848?
-1873
In base 15, what is -5 - 23b2?
-23b7
In base 2, what is -10000110 - 1000001?
-11000111
In base 8, what is -1 - -74301?
74300
In base 11, what is -1979 + 138?
-1841
In base 8, what is -155 - -53?
-102
In base 5, what is 140334 + 32?
140421
In base 9, what is 56810 - 0?
56810
In base 7, what is 651 + -350?
301
In base 14, what is 7 - 12c27?
-12c20
In base 16, what is 23b51 - -8?
23b59
In base 10, what is -359 + -370?
-729
In base 13, what is 6 + -55228?
-55222
In base 6, what is -2 + 100453?
100451
In base 7, what is 13 - 31036?
-31023
In base 7, what is -4 + -4063306?
-4063313
In base 15, what is -18 - -1d?
5
In base 4, what is -201100130 + 1?
-201100123
In base 15, what is -6 - -1a78?
1a72
In base 12, what is -b355 - 10?
-b365
In base 11, what is 27967 - -3?
2796a
In base 14, what is 5cb900 + -3?
5cb8db
In base 14, what is -10 - c79?
-c89
In base 4, what is 132320111 - 10?
132320101
In base 14, what is -3a + 1318?
12bc
In base 7, what is -3305 + -330?
-3635
In base 11, what is 101 - -135?
236
In base 13, what is c0 - ab0?
-9c0
In base 6, what is 1025355 + -2?
1025353
In base 15, what is 3175 + 5?
317a
In base 3, what is 12012 - 1202011102?
-1201222020
In base 4, what is 13003120 - -20?
13003200
In base 16, what is 31 - 1ac2?
-1a91
In base 4, what is -1213 + 12110?
10231
In base 16, what is 7 - 528e?
-5287
In base 9, what is -3 - 365224?
-365227
In base 5, what is -4043 - 101?
-4144
In base 2, what is -11010000101110001 - 11?
-11010000101110100
In base 14, what is 1247 + 6?
124d
In base 6, what is -14114 + -3050?
-21204
In base 16, what is 7d7112 + 1?
7d7113
In base 5, what is -301031 + -30?
-301111
In base 9, what is 46 - -1546?
1603
In base 12, what is 2 - 18a7?
-18a5
In base 5, what is 100240 + 2111?
102401
In base 12, what is -1 + -20253?
-20254
In base 13, what is -28458 + -63?
-284bb
In base 10, what is -910 + -570?
-1480
In base 4, what is -12011302 + -3?
-12011311
In base 11, what is 2644a + 3?
26452
In base 8, what is -704504 - -1?
-704503
In base 5, what is -1301313 + -1410?
-1303223
In base 15, what is 1459 + -d?
144b
In base 3, what is -211102111101 + 2?
-211102111022
In base 5, what is 13011 + 32223?
100234
In base 3, what is -10 + -1112000220111?
-1112000220121
In base 16, what is -640 - -5?
-63b
In base 10, what is -1 + -395121?
-395122
In base 9, what is 2604 + 175?
2780
In base 15, what is -1a - dac?
-dc7
In base 7, what is -2 + 5352401?
5352366
In base 8, what is 0 + -13014?
-13014
In base 10, what is 904453 + -3?
904450
In base 8, what is 2014 - -3?
2017
In base 15, what is -1d - 4e3?
-511
In base 4, what is -11323 + 211?
-11112
In base 10, what is 0 + -84192?
-84192
In base 12, what is 430b + -256?
4075
In base 2, what is -101010000111010010 - 101?
-101010000111010111
In base 15, what is -17e + c22?
a93
In base 6, what is -3203 + 503?
-2300
In base 5, what is -12204020 - 0?
-12204020
In base 7, what is -331 + -113142?
-113503
In base 8, what is 663675 - 5?
663670
In base 11, what is -484 + -248?
-721
In base 9, what is 131717 + -8?
131708
In base 2, what is -1101000000001001110000 + -101?
-1101000000001001110101
In base 12, what is -92 + -16?
-a8
In base 5, what is 1 - 3122424?
-3122423
In base 7, what is -4 + 21305?
21301
In base 2, what is 100101110 + -1011?
100100011
In base 13, what is -724c + 29?
-7223
In base 15, what is ea - -13ac?
14a7
In base 12, what is -4 - 5330?
-5334
In base 14, what is -8 - 1cd6?
-1d00
In base 7, what is -103 + -550?
-653
In base 6, what is 2 - 123120?
-123114
In base 4, what is -23231000 + 0?
-23231000
In base 7, what is -3640 - 125?
-4065
In base 3, what is -10122212 - -1000?
-10121212
In base 4, what is -123232320 + -1?
-123232321
In base 9, what is -1883 - -612?
-1